*4/12 - 11*u**3/6 + 5*u**2/2 + 2*u. Is p(-9) prime?
False
Suppose -18 = -2*i - 5*k, -2*k + 12 = 4*i - 4*k. Suppose -2 = 3*s - s, -207 = -i*f + 3*s. Is f prime?
False
Suppose 3*t = -i - 2 + 4, -12 = -2*t + 2*i. Suppose -a - 31 = -t*a. Is a a prime number?
True
Let f = -5 - -15. Let p = f - 16. Is (-1)/(p/123)*4 composite?
True
Let q(m) = -m**2 + 6*m - 9. Let j be q(6). Let s = 13 + j. Suppose 5 = 5*v, 131 = k + s*k + v. Is k a composite number?
True
Let p = 988 - -907. Suppose 0 = 5*a + h + h - 2359, -4*a + p = -h. Is a a composite number?
True
Suppose 0 = 2*g + 2*o - 32, 4*g + 3*o - o = 72. Let b(q) = -77*q**3 + 3*q**2 + 4*q + 2. Let k be b(-1). Suppose 2*u - g = k. Is u a composite number?
True
Suppose -2*x - 2*x = g - 7, -x = 2*g - 7. Suppose 3*l - 5*u - 299 = 0, -76 = 4*l + g*u - 494. Is l a prime number?
True
Suppose 3*h + 2*p - 246 = -p, 4*h = -2*p + 330. Is h a prime number?
True
Is ((-706)/(-8))/(6/24) prime?
True
Let p(g) = 6*g**2 + 6*g - 7. Let c be p(-8). Suppose c = f - 50. Suppose 4*a = v + 4*v + f, -3*a - 5*v = -258. Is a a composite number?
True
Let f = -618 + 1273. Is f a prime number?
False
Suppose 3*p + 3*x = 42, -6*p + p + 2*x + 35 = 0. Let i be 16*(-3)/(p/(-30)). Suppose s + q - 73 = 0, -2*s - q + i - 18 = 0. Is s composite?
True
Let b be (-2)/(-14) + 8/(-56). Suppose 4*g = -b*g + 92. Is g a prime number?
True
Let h = 786 - 337. Is h composite?
False
Suppose -1123 = 4*g - n - 5831, 3*g - 2*n - 3531 = 0. Is g prime?
False
Let u = 21 + 4. Suppose -b = 4*b - u. Suppose -122 = -3*m - 4*t, -b*t - 35 = -3*m + 69. Is m prime?
False
Suppose 399 = 3*t + m, t + 4*m = -3*t + 532. Is t a composite number?
True
Suppose -5*o + 2*u + 3285 = 0, 4*o - 1673 = -4*u + 927. Is o a prime number?
False
Suppose -4*u + 160 + 364 = 0. Let c = u + -25. Is c a prime number?
False
Let c = -17 - -91. Is c a composite number?
True
Suppose -w = -129 + 44. Is w a prime number?
False
Let t be (-1 + 1/2)*4. Let r(k) = k**3 + 2*k**2 - 2*k - 3. Let j be r(t). Is 4 + -4 + j*257 composite?
False
Let l(o) = -o**3 + o**2 - 9*o + 23. Is l(-10) a composite number?
False
Let a(k) = k**3 - 8*k**2 + 3*k + 8. Let u be a(8). Suppose -4*l - u = -2*r - 2*r, -4 = r + 3*l. Suppose -643 = -4*j - r*z, 0 = 2*z - 7 + 1. Is j composite?
False
Let d be (2/(-2))/(3/54). Is (4/((-8)/d))/1 a composite number?
True
Let w be ((-1)/2)/(12/(-1320)). Is 22/w - 243/(-5) composite?
True
Let q(m) = m**3 - 3*m**2 - 3*m - 2. Let h be q(4). Suppose 2*a + 5*v = 14, -4*a + v - h = -8. Suppose 2*r - 62 = g, 6*r - a*r - 124 = g. Is r composite?
False
Let w = 5 + -4. Let i = 3 + w. Suppose i*f - 4 - 16 = 4*c, 4*c - 15 = -f. Is f a composite number?
False
Let j(y) = y**3 - 7*y**2 + 6*y - 3. Let t be j(6). Let m = t + 3. Suppose -2*u + 111 + 119 = m. Is u a composite number?
True
Let o = 2320 - 1277. Is o a composite number?
True
Suppose 0*t + 2*t = 2*j - 4, 5*j + 4*t - 10 = 0. Suppose -j*w = -0*w. Suppose 0*k - 3*o + 103 = 2*k, w = -k + 3*o + 56. Is k a composite number?
False
Is -2*2/(-12)*921 a composite number?
False
Suppose 0*b + 10 = 2*l - 5*b, 0 = -5*l + 2*b + 25. Suppose 0 = -3*i + l*r + 193 + 293, r - 486 = -3*i. Let n = i - 109. Is n a prime number?
True
Let z = 343 + 174. Is z prime?
False
Let z(q) = -33*q - 1. Let c be z(2). Let t(l) = -l**3 + 6*l**2 - 3. Let h be t(3). Let b = h - c. Is b a prime number?
False
Suppose -11*r + 854 = -125. Is r a prime number?
True
Suppose -1245 = -11*r + 6*r. Is r a prime number?
False
Let k = -35 + 10. Let w = -35 - -5. Is (k/(-15))/((-2)/w) composite?
True
Let h = 404 + -106. Is h a prime number?
False
Let o = 35 + -2. Is o a prime number?
False
Let p = 221 - -95. Is (-2 - -1)/((-4)/p) a prime number?
True
Suppose -3*s = -8 + 2. Is 314*-2*s/(-8) a composite number?
False
Suppose 2 + 6 = 4*v. Suppose v*n - i = 4*i + 163, -3*n = -4*i - 255. Is n a composite number?
False
Let v(h) = -h + 8. Let k be (10/(-4))/(8/(-16)). Is v(k) a prime number?
True
Suppose -5*q + 2*j + 575 = 0, -3*q - 3*j = -q - 211. Is q a composite number?
False
Let m(v) = 5*v**3 + 9*v**2 + 3*v - 9. Is m(8) a composite number?
True
Let z be 4/(-14) - 2375/(-7). Suppose 6044 - z = 5*k. Is k prime?
False
Suppose 2*m + 2*m = 136. Suppose -4*d - m = -u + 127, 4*u = -5*d + 560. Is u prime?
False
Suppose 2*w = c - 151 + 23, -5*w = -3*c + 381. Suppose t = -s + 34, 3*t + 0*s - s - c = 0. Is t a composite number?
True
Let y(h) = -5*h**3 - h**2 - h - 1. Suppose 0 = n - 5*n - 4. Let d be y(n). Suppose -d*s - b + 201 = -0*s, s + b - 54 = 0. Is s prime?
False
Is 61 + 0/4 + -2 a prime number?
True
Let r(b) be the first derivative of 5*b**3/3 - 7*b**2/2 + 8*b - 1. Let p be r(-6). Suppose p = 4*h - 78. Is h prime?
False
Let t(b) = 14 + 2*b**2 - 3*b**2 - 13*b - 13. Is t(-9) a composite number?
False
Let d(o) = o**2 - o + 26. Let f be d(0). Let j = f - 16. Let w = -7 + j. Is w prime?
True
Suppose -17202 = -2*v - 4*p, -v - 2*v - 3*p = -25815. Is v a composite number?
False
Suppose -5*s = -0*s - 10. Let m(z) = -z**3 + 15*z**s + 0*z**2 + 12*z - 3*z**2 - 17. Is m(12) a composite number?
False
Suppose -m = 5*k - 292, k = m + 3*k - 307. Let j = m - 198. Is j prime?
False
Suppose -3*x + 186 = 2*n - 200, -760 = -4*n - 3*x. Is n a prime number?
False
Let f(o) be the second derivative of o**5/20 + o**4/12 - o**3/6 + 9*o**2/2 - 2*o. Is f(0) prime?
False
Let g be (3/2)/(3/138). Suppose 2*f = -f + g. Is f a composite number?
False
Let p(j) = 85*j + 1. Is p(6) prime?
False
Suppose 2*r = 6, -578 = -w + 3*r - 142. Is w prime?
False
Suppose 0 = 3*o + 4*p - 917, -2*p = 2*o + 3*p - 609. Is o prime?
True
Let k(n) = -322*n - 11. Let q(x) = -107*x - 4. Let b(p) = -3*k(p) + 8*q(p). Is b(3) a prime number?
True
Suppose 2*h = -h. Suppose 4*u + 5*b + 10 = h, 0 = -4*u - 2*b - 0*b - 4. Is 2/((-4)/(-194) - u) prime?
True
Let b = -3597 - -5051. Is b composite?
True
Let r(y) = 12*y. Let l be r(3). Let t be l/21 + 2/7. Suppose -2*p + 80 = -0*p - t*a, -p = -3*a - 46. Is p composite?
False
Suppose 307 - 31 = 4*q. Is q prime?
False
Suppose 0*b + 2*b - 1414 = 4*d, -2*d = 6. Is b a composite number?
False
Suppose 137 + 161 = 2*x. Is x composite?
False
Suppose 3747 = 75*m - 72*m. Is m prime?
True
Suppose -n - 2*k - 45 = -2*n, 2*k = -n + 33. Is n a composite number?
True
Suppose 2*w = -0*w + 638. Is w a composite number?
True
Suppose -4*l + 2*t = -5*l + 345, 0 = -4*l - 5*t + 1392. Is l composite?
False
Let o = -44 + 79. Is o a prime number?
False
Let r = 107 - -48. Is r composite?
True
Suppose m - 3 = -2*m, -2*m = 3*a - 11. Suppose l - a = 6. Let y(z) = 12*z - 13. Is y(l) a prime number?
False
Suppose j + 5*a = 241, -492 = -5*j + 3*j - 5*a. Is j a composite number?
False
Suppose -2*w + 10 + 26 = 0. Let j be 23/6 - (-3)/w. Suppose j*b - 3*b = 97. Is b prime?
True
Suppose -4*g = -3*x - 11, -3*g + 4 = -4*x + 1. Suppose -g - 4 = o. Is (318/o)/((-2)/3) composite?
False
Let i(m) = -m + 9. Let p be i(11). Let l be (-12)/(-5) + p/5. Suppose 3*o = -2*c + 33, -l*c - 3*c - 3*o + 96 = 0. Is c composite?
True
Suppose -2*c - 3*t + 64 = -0*t, c - 5*t - 6 = 0. Let p = c - -17. Is p prime?
True
Suppose 3*b = -0*b + 18. Let j(a) = -a + 11. Let k be j(b). Suppose -g + 232 = k*x + 51, -4*x = 2*g - 140. Is x a prime number?
True
Suppose -2*i + m - 59 = -0*m, -2*i = 3*m + 79. Let c = i - -78. Is c composite?
True
Let z(j) = -2*j**3 - 10*j**2 + 3*j - 20. Is z(-11) a composite number?
False
Let c = 45 - 20. Is c a composite number?
True
Suppose -2*l = -3*q + 624 + 1261, 4*l = -q + 633. Is q prime?
False
Let n = 2 + 2. Suppose n*s - 25 = -s. Suppose -s*r + 2*r + 21 = 0. Is r a composite number?
False
Let z(t) = -2*t - 3. Let b be z(3). Let i(s) = 2*s**2 + 12*s + 4. Is i(b) a composite number?
True
Suppose 0 = -d + 4*d - 2*h - 1993, 0 = 4*h - 16. Is d composite?
True
Let y = -399 - -724. Suppose -n + 6*n = y. Is n a prime number?
False
Is (-47410)/(-90) - (-4)/18 composite?
True
Suppose s + 4*s - 20 = -5*m, 3*s - 4*m + 23 = 0. Let k be s - (-5 + 0) - -1. Let a = 28 - k. Is a a composite number?
False
Let y(i) = -248*i + 3. Is y(-2) a composite number?
False
Suppose 2*a + 5*g - 37 = 0, 0 = 2*a - 6*g + 2*g + 8. Is a/(-2)*114/(-18) a prime number?
True
Suppose z - 20 = -5*s, -3*z - 2*s + 32 = -s. Let f(p) = p**2 - 8*p - 6. Is f(z) a prime number?
False
Let y = 2 - 0. I